 and 489720.
15
Calculate the highest common factor of 45617 and 195286.
377
Calculate the highest common factor of 3443233 and 29.
1
Calculate the greatest common factor of 10933 and 454140.
841
Calculate the greatest common divisor of 817 and 154609897.
817
Calculate the highest common factor of 7518 and 164850.
42
What is the greatest common factor of 6 and 58749816?
6
Calculate the highest common factor of 126 and 50512374.
18
What is the highest common factor of 12943548 and 684?
36
Calculate the highest common divisor of 515077 and 1369.
37
Calculate the highest common divisor of 1478 and 110266929.
739
What is the highest common divisor of 69971697 and 3843?
549
What is the greatest common divisor of 417 and 578451?
3
Calculate the highest common divisor of 142 and 85992289.
71
What is the greatest common divisor of 17756381 and 87?
29
What is the greatest common factor of 6183175 and 80?
5
Calculate the highest common divisor of 89380 and 431320.
820
What is the greatest common divisor of 13 and 9608378?
13
What is the highest common factor of 34 and 10275667?
17
Calculate the greatest common factor of 64 and 31198048.
32
Calculate the greatest common divisor of 2676 and 8768806.
446
What is the greatest common factor of 16 and 23731232?
16
Calculate the greatest common divisor of 338368 and 3050599.
5287
Calculate the highest common factor of 3337041 and 5789097.
4317
Calculate the highest common divisor of 705 and 241768.
47
What is the greatest common factor of 876 and 171385239?
219
Calculate the greatest common divisor of 11400380 and 584820.
7220
What is the highest common divisor of 40278 and 606?
6
Calculate the greatest common divisor of 388585834 and 1442.
1442
What is the highest common factor of 1001 and 1127071?
11
Calculate the highest common factor of 20025 and 878430.
1335
What is the highest common divisor of 26168304 and 459?
51
Calculate the greatest common factor of 43810786 and 13347.
1483
Calculate the highest common divisor of 10 and 115391370.
10
Calculate the highest common factor of 64 and 7423840.
32
What is the highest common factor of 203640 and 4800?
120
What is the highest common divisor of 3014 and 446314?
22
What is the highest common factor of 686000 and 5292?
196
Calculate the greatest common factor of 680 and 27372040.
680
Calculate the highest common divisor of 70319748 and 1236.
1236
Calculate the greatest common factor of 50490 and 67584.
66
Calculate the highest common factor of 315902 and 274.
2
Calculate the highest common factor of 1767338 and 1166.
106
Calculate the highest common factor of 489675 and 184350.
75
Calculate the highest common divisor of 597 and 272757957.
597
Calculate the greatest common divisor of 18962476 and 2756.
52
What is the highest common divisor of 3167 and 906427070?
3167
What is the highest common divisor of 69179330 and 22?
22
Calculate the greatest common factor of 51330 and 3658.
118
Calculate the highest common factor of 9996 and 23709.
21
Calculate the highest common divisor of 40686543 and 114.
57
Calculate the greatest common divisor of 4709432 and 286.
26
Calculate the greatest common divisor of 1625 and 3573000.
125
What is the greatest common divisor of 30644 and 6293676?
188
Calculate the highest common divisor of 1021 and 56962611.
1021
Calculate the highest common factor of 17808 and 1383696.
48
What is the highest common factor of 3180 and 15835764?
636
Calculate the greatest common divisor of 258 and 20772354.
258
Calculate the highest common divisor of 4412 and 22450462.
2206
Calculate the highest common divisor of 46 and 273233721.
23
What is the greatest common divisor of 631719189 and 54?
27
What is the highest common factor of 5 and 9479805?
5
Calculate the highest common factor of 315978992 and 4384.
2192
Calculate the highest common divisor of 914166 and 17982.
486
Calculate the highest common divisor of 4082 and 1523700386.
4082
Calculate the highest common divisor of 20805 and 114285.
285
Calculate the greatest common factor of 7463749 and 100577.
2339
What is the highest common factor of 1173240 and 13320?
360
What is the highest common divisor of 286 and 99052642?
26
What is the highest common divisor of 124 and 9262242?
62
Calculate the greatest common divisor of 4556 and 9534569.
1139
What is the greatest common factor of 85456 and 625632?
784
Calculate the greatest common divisor of 122385 and 2190.
15
Calculate the greatest common factor of 7911 and 344439.
27
Calculate the greatest common divisor of 6921304 and 1976.
104
Calculate the highest common factor of 11355110 and 130.
130
Calculate the greatest common divisor of 4792924 and 151876.
3532
What is the greatest common factor of 272 and 1183395024?
272
Calculate the greatest common factor of 36148700 and 2975.
175
What is the highest common factor of 265 and 3956821?
53
What is the highest common divisor of 710852 and 8?
4
What is the highest common factor of 9380525 and 11616?
121
What is the greatest common divisor of 1195113 and 39?
3
What is the greatest common factor of 463 and 4?
1
What is the greatest common factor of 99654 and 486?
6
Calculate the greatest common divisor of 842164 and 12456.
692
What is the greatest common divisor of 88212 and 28?
4
Calculate the greatest common divisor of 81485081 and 671.
61
Calculate the highest common divisor of 105890 and 10145.
5
Calculate the highest common divisor of 39108712 and 18.
2
What is the highest common factor of 4618256 and 32240?
496
Calculate the highest common factor of 8 and 84998084.
4
What is the greatest common factor of 124 and 37218724?
124
What is the highest common divisor of 2376 and 36969?
3
What is the highest common factor of 529409661 and 5115?
1023
What is the highest common factor of 5180 and 1131118268?
1036
What is the greatest common factor of 96 and 1568976576?
96
What is the highest common factor of 1886144 and 42016?
416
What is the highest common factor of 23916 and 12121426?
3986
What is the greatest common factor of 5946479 and 9193?
29
What is the greatest common factor of 213031 and 34762?
91
What is the greatest common divisor of 101 and 11623282?
101
Calculate the highest common factor of 10884 and 7764.
12
Calculate the highest common divisor of 18063 and 1677510.
81
Calculate the highest common factor of 1650 and 175.
25
Calculate the greatest common factor of 3777 and 949.
1
What is the highest common divisor of 9409343 and 104903?
4561
What is the highest common factor of 433314 and 126882?
2394
What is the highest common divisor of 133680772 and 15424?
964
What is the greatest common divisor of 10296 and 765765?
1287
Calculate the highest common factor of 252637 and 40579.
1309
What is the highest common divisor of 209 and 1284609?
19
What is the highest common divisor of 71944746 and 12?
6
Calculate the highest common factor of 35054801 and 151.
151
What is the highest common divisor of 693 and 5076126?
99
What is the highest common factor of 5100560 and 108150?
1030
What is the highest common divisor of 1872022 and 10?
2
Calculate the highest common divisor of 4530259 and 815.
163
What is the highest common factor of 11686285 and 7335?
815
Calculate the greatest common divisor of 2171 and 6877.
13
Calculate the greatest common divisor of 13916 and 1234016.
196
What is the highest common divisor of 964790127 and 126?
63
Calculate the greatest common divisor of 174051 and 148653.
747
Calculate the greatest common factor of 751154 and 45064.
262
What is the greatest common divisor of 89238950 and 51?
17
Calculate the greatest common factor of 3448 and 2677372.
1724
Calculate the highest common factor of 16470216 and 189.
189
Calculate the greatest common factor of 36475 and 94639494.
1459
Calculate the highest common divisor of 1276412 and 89268.
172
Calculate the highest common divisor of 201 and 22131.
3
What is the greatest common factor of 9866692 and 6996?
2332
Calculate the highest common factor of 72520 and 3051475.
245
Calculate the greatest common divisor of 1842845 and 3340.
835
Calculate the highest common divisor of 7185458 and 1938.
646
What is the highest common factor of 2844 and 13214172?
948
What is the greatest common divisor of 982051 and 53536?
1673
Calculate the 